{"id":472,"date":"2022-07-01T23:03:32","date_gmt":"2022-07-02T04:03:32","guid":{"rendered":"http:\/\/www.fhtcq.org\/?page_id=472"},"modified":"2022-09-23T09:32:20","modified_gmt":"2022-09-23T14:32:20","slug":"citf-sttr-9902","status":"publish","type":"page","link":"https:\/\/www.fhtcq.org\/?page_id=472","title":{"rendered":"Novabus LFS (CITF \/ STTR 9902)"},"content":{"rendered":"\n\n<div class=\"ngg-galleryoverview ngg-slideshow\"\n\tid=\"ngg-slideshow-8b6875a296eb4c5b6d7dce290060611c-10525257950\"\n\tdata-gallery-id=\"8b6875a296eb4c5b6d7dce290060611c\"\n\tstyle=\"max-width: 400px;\n\t\t\tmax-height: 300px;\n\t\t\tdisplay: none;\">\n\n\t\n\t\t<a href=\"https:\/\/www.fhtcq.org\/wp-content\/gallery\/vehicule_9902\/9902.JPG\"\n\t\t\ttitle=\"\"\n\t\t\tdata-src=\"https:\/\/www.fhtcq.org\/wp-content\/gallery\/vehicule_9902\/9902.JPG\"\n\t\t\tdata-thumbnail=\"https:\/\/www.fhtcq.org\/wp-content\/gallery\/vehicule_9902\/thumbs\/thumbs_9902.JPG\"\n\t\t\tdata-image-id=\"73\"\n\t\t\tdata-title=\"9902\"\n\t\t\tdata-description=\"\"\n\t\t\tclass=\"shutterset_8b6875a296eb4c5b6d7dce290060611c\">\n\n\t\t\t<img data-image-id='73'\n\t\t\t\ttitle=\"\"\n\t\t\t\talt=\"9902\"\n\t\t\t\tsrc=\"https:\/\/www.fhtcq.org\/wp-content\/gallery\/vehicule_9902\/9902.JPG\"\n\t\t\t\tstyle=\"max-height: 280px;\"\/>\n\t\t<\/a>\n\n\t\t\n\t\t<a href=\"https:\/\/www.fhtcq.org\/wp-content\/gallery\/vehicule_9902\/9902_20090202_B.JPG\"\n\t\t\ttitle=\"\"\n\t\t\tdata-src=\"https:\/\/www.fhtcq.org\/wp-content\/gallery\/vehicule_9902\/9902_20090202_B.JPG\"\n\t\t\tdata-thumbnail=\"https:\/\/www.fhtcq.org\/wp-content\/gallery\/vehicule_9902\/thumbs\/thumbs_9902_20090202_B.JPG\"\n\t\t\tdata-image-id=\"74\"\n\t\t\tdata-title=\"9902\"\n\t\t\tdata-description=\"\"\n\t\t\tclass=\"shutterset_8b6875a296eb4c5b6d7dce290060611c\">\n\n\t\t\t<img data-image-id='74'\n\t\t\t\ttitle=\"\"\n\t\t\t\talt=\"9902\"\n\t\t\t\tsrc=\"https:\/\/www.fhtcq.org\/wp-content\/gallery\/vehicule_9902\/9902_20090202_B.JPG\"\n\t\t\t\tstyle=\"max-height: 280px;\"\/>\n\t\t<\/a>\n\n\t\t\n\t\t<a href=\"https:\/\/www.fhtcq.org\/wp-content\/gallery\/vehicule_9902\/9902_MTAWRAPDESIGN_1.jpg\"\n\t\t\ttitle=\"\"\n\t\t\tdata-src=\"https:\/\/www.fhtcq.org\/wp-content\/gallery\/vehicule_9902\/9902_MTAWRAPDESIGN_1.jpg\"\n\t\t\tdata-thumbnail=\"https:\/\/www.fhtcq.org\/wp-content\/gallery\/vehicule_9902\/thumbs\/thumbs_9902_MTAWRAPDESIGN_1.jpg\"\n\t\t\tdata-image-id=\"89\"\n\t\t\tdata-title=\"9902_MTAWRAPDESIGN_1\"\n\t\t\tdata-description=\"\"\n\t\t\tclass=\"shutterset_8b6875a296eb4c5b6d7dce290060611c\">\n\n\t\t\t<img data-image-id='89'\n\t\t\t\ttitle=\"\"\n\t\t\t\talt=\"9902_MTAWRAPDESIGN_1\"\n\t\t\t\tsrc=\"https:\/\/www.fhtcq.org\/wp-content\/gallery\/vehicule_9902\/9902_MTAWRAPDESIGN_1.jpg\"\n\t\t\t\tstyle=\"max-height: 280px;\"\/>\n\t\t<\/a>\n\n\t\t<\/div>\n\n\n\n<h4><strong>V\u00e9hicule: 9902<\/strong><br><strong>Mod\u00e8le: LFS 40102<br>Fabrication: Novembre 1999<br>Fabricant: Novabus, Saint-Eustache (Qu\u00e9bec)<\/strong><\/h4>\n<h4><strong>Moteur: Cummins ISC<br>Transmission: ZF 5HP500<br>Longueur \/ Largeur: 40 pieds \/ 102 pouces<br>Places assises: 30<br><\/strong><\/h4>\n<h4><strong>Ce v\u00e9hicule fait partie d&rsquo;une commande de 2 v\u00e9hicules pour l&rsquo;ann\u00e9e 1999 livr\u00e9e \u00e0 l&rsquo;origine pour la Commission intermunicipale de transport des Forges (CITF), devenue \u00e0 la suite des fusions municipales de 2002 la Soci\u00e9t\u00e9 de transport de Trois-Rivi\u00e8res (STTR). Ce Novabus LFS de premi\u00e8re g\u00e9n\u00e9ration \u00e0 servi les citoyens de Trois-Rivi\u00e8res pendant plus de 20 ans au d\u00e9but comme autobus r\u00e9gulier pour terminer sa carri\u00e8re principalement sur les extras scolaires de la compagnie. La fondation racheta le v\u00e9hicule de la STTR en 2021. <br><br>Ce v\u00e9hicule est principalement destin\u00e9e pour les tournage cin\u00e9matographique et t\u00e9l\u00e9visuel. <\/strong><\/h4>\n\n\n","protected":false},"excerpt":{"rendered":"<p>V\u00e9hicule: 9902Mod\u00e8le: LFS 40102Fabrication: Novembre 1999Fabricant: Novabus, Saint-Eustache (Qu\u00e9bec) Moteur: Cummins ISCTransmission: ZF 5HP500Longueur \/ Largeur: 40 pieds \/ 102 poucesPlaces assises: 30 Ce v\u00e9hicule fait partie d&rsquo;une commande de 2 v\u00e9hicules pour l&rsquo;ann\u00e9e 1999 livr\u00e9e \u00e0 l&rsquo;origine pour la Commission intermunicipale de transport des Forges (CITF), devenue \u00e0 la suite des fusions municipales de &hellip; <\/p>\n<p><a class=\"more-link btn\" href=\"https:\/\/www.fhtcq.org\/?page_id=472\">Lire la suite<\/a><\/p>\n","protected":false},"author":1,"featured_media":0,"parent":0,"menu_order":0,"comment_status":"closed","ping_status":"closed","template":"","meta":{"ngg_post_thumbnail":0,"footnotes":""},"_links":{"self":[{"href":"https:\/\/www.fhtcq.org\/index.php?rest_route=\/wp\/v2\/pages\/472"}],"collection":[{"href":"https:\/\/www.fhtcq.org\/index.php?rest_route=\/wp\/v2\/pages"}],"about":[{"href":"https:\/\/www.fhtcq.org\/index.php?rest_route=\/wp\/v2\/types\/page"}],"author":[{"embeddable":true,"href":"https:\/\/www.fhtcq.org\/index.php?rest_route=\/wp\/v2\/users\/1"}],"replies":[{"embeddable":true,"href":"https:\/\/www.fhtcq.org\/index.php?rest_route=%2Fwp%2Fv2%2Fcomments&post=472"}],"version-history":[{"count":10,"href":"https:\/\/www.fhtcq.org\/index.php?rest_route=\/wp\/v2\/pages\/472\/revisions"}],"predecessor-version":[{"id":534,"href":"https:\/\/www.fhtcq.org\/index.php?rest_route=\/wp\/v2\/pages\/472\/revisions\/534"}],"wp:attachment":[{"href":"https:\/\/www.fhtcq.org\/index.php?rest_route=%2Fwp%2Fv2%2Fmedia&parent=472"}],"curies":[{"name":"wp","href":"https:\/\/api.w.org\/{rel}","templated":true}]}}